ctors of 714349794.
2, 3, 53, 2246383
What are the prime factors of 2145272690?
2, 5, 11, 19502479
What are the prime factors of 411066889?
11443, 35923
What are the prime factors of 11942060?
2, 5, 13, 23, 1997
What are the prime factors of 61918673?
73, 848201
List the prime factors of 82119897.
3, 739, 12347
List the prime factors of 109970354.
2, 13, 1879, 2251
What are the prime factors of 554545993?
97, 349, 16381
What are the prime factors of 142163241?
3, 11, 31, 138967
What are the prime factors of 692106409?
23, 30091583
What are the prime factors of 501606744?
2, 3, 811, 25771
What are the prime factors of 1470502421?
277, 701, 7573
List the prime factors of 2373695509.
10667, 222527
What are the prime factors of 802579906?
2, 401289953
What are the prime factors of 1243451245?
5, 97, 179, 14323
What are the prime factors of 586044033?
3, 43, 4542977
What are the prime factors of 160339538?
2, 80169769
What are the prime factors of 383030913?
3, 479, 266549
List the prime factors of 5352971946.
2, 3, 7, 127451713
What are the prime factors of 2099674274?
2, 67, 2251, 6961
What are the prime factors of 543478462?
2, 43, 173, 36529
List the prime factors of 109457225.
5, 97, 45137
What are the prime factors of 369900348?
2, 3, 17, 106661
List the prime factors of 5261517969.
3, 17, 43, 229, 10477
List the prime factors of 14360441.
23, 563, 1109
List the prime factors of 210291870.
2, 3, 5, 17, 41, 89, 113
What are the prime factors of 2418242433?
3, 83, 127, 76471
List the prime factors of 186243184.
2, 11640199
What are the prime factors of 32756085?
3, 5, 61, 11933
What are the prime factors of 1042066572?
2, 3, 751, 115631
What are the prime factors of 522532704?
2, 3, 727, 7487
What are the prime factors of 367323506?
2, 11, 151, 110573
What are the prime factors of 85617224?
2, 7, 11, 23, 6043
List the prime factors of 54637626.
2, 3, 17, 535663
List the prime factors of 241101762.
2, 3, 11, 3653057
What are the prime factors of 138202847?
138202847
List the prime factors of 202916429.
5507, 36847
List the prime factors of 5344333204.
2, 7, 2251, 84793
List the prime factors of 7434492.
2, 3, 13, 47657
List the prime factors of 398197904.
2, 13, 41, 53, 881
What are the prime factors of 21763913?
113, 192601
What are the prime factors of 366778665?
3, 5, 11, 61, 4049
What are the prime factors of 175090246?
2, 1637, 53479
What are the prime factors of 38556755?
5, 7711351
What are the prime factors of 1745340412?
2, 197, 659, 3361
What are the prime factors of 479699437?
7, 47, 1458053
List the prime factors of 304877951.
7, 888857
List the prime factors of 301894555.
5, 97, 101, 6163
List the prime factors of 507886747.
17, 47, 635653
What are the prime factors of 6994130940?
2, 3, 5, 211, 184153
What are the prime factors of 1823584417?
23, 79286279
List the prime factors of 314250027.
3, 7, 13, 97, 11867
List the prime factors of 757364309.
13, 23, 2532991
List the prime factors of 941124309.
3, 8231, 38113
What are the prime factors of 703921167?
3, 78213463
List the prime factors of 510804123.
3, 59, 263, 10973
What are the prime factors of 132246598?
2, 11, 6011209
What are the prime factors of 613797865?
5, 83, 1479031
What are the prime factors of 10481394?
2, 3, 7, 11, 463
List the prime factors of 132971106.
2, 3, 73, 303587
What are the prime factors of 67323023?
19, 229, 15473
List the prime factors of 252247999.
252247999
List the prime factors of 68429327.
2287, 29921
What are the prime factors of 134404936?
2, 19, 884243
What are the prime factors of 4802716418?
2, 631, 3805639
List the prime factors of 1204929888.
2, 3, 23, 545711
List the prime factors of 117288061.
11, 79, 139, 971
What are the prime factors of 29071101?
3, 1123, 8629
What are the prime factors of 81000413?
13, 89, 70009
List the prime factors of 13347548.
2, 3336887
List the prime factors of 127692145.
5, 7, 367, 9941
List the prime factors of 343311397.
11, 13, 2400779
List the prime factors of 672975568.
2, 113, 449, 829
What are the prime factors of 4295557296?
2, 3, 29830259
List the prime factors of 794300534.
2, 37, 10733791
List the prime factors of 19906012.
2, 7, 710929
List the prime factors of 2572161.
3, 79, 10853
What are the prime factors of 212072826?
2, 3, 7, 37, 239, 571
List the prime factors of 724171818.
2, 3, 29, 89, 101, 463
List the prime factors of 53547557.
7, 7649651
What are the prime factors of 607556892?
2, 3, 50629741
What are the prime factors of 1703037066?
2, 3, 283839511
What are the prime factors of 1747959346?
2, 7, 17, 7344367
What are the prime factors of 44886148?
2, 1481, 7577
What are the prime factors of 225193796?
2, 31, 59, 30781
What are the prime factors of 102497710?
2, 5, 7, 209179
List the prime factors of 196283692.
2, 11, 31, 151, 953
What are the prime factors of 106166043?
3, 241, 48947
List the prime factors of 43716417.
3, 31, 277, 1697
List the prime factors of 2438297674.
2, 73, 16700669
List the prime factors of 473595692.
2, 5807, 20389
What are the prime factors of 4742050?
2, 5, 94841
List the prime factors of 60687725.
5, 7, 107, 463
What are the prime factors of 896155722?
2, 3, 7, 11, 646577
What are the prime factors of 206637130?
2, 5, 7, 41, 71999
List the prime factors of 280180375.
5, 2241443
List the prime factors of 1365119907.
3, 17, 541, 49477
What are the prime factors of 1296353962?
2, 1949, 332569
List the prime factors of 10087319.
11, 67, 13687
List the prime factors of 1007084718.
2, 3, 18649717
What are the prime factors of 50022032?
2, 3126377
List the prime factors of 8809404295.
5, 1761880859
What are the prime factors of 4357525?
5, 17, 10253
List the prime factors of 282323565.
3, 5, 19, 330203
List the prime factors of 89755309.
7, 1831741
What are the prime factors of 35969820?
2, 3, 5, 487, 1231
List the prime factors of 59483170.
2, 5, 17, 131, 2671
What are the prime factors of 238827515?
5, 23, 2076761
List the prime factors of 2830591870.
2, 5, 4283, 66089
List the prime factors of 569778773.
2521, 226013
List the prime factors of 185253703.
41, 271, 16673
What are the prime factors of 167711169?
3, 55903723
List the prime factors of 76900607.
7, 821, 13381
List the prime factors of 103396225.
5, 101, 40949
List the prime factors of 103866361.
179, 580259
List the prime factors of 523008581.
523008581
What are the prime factors of 570116893?
23, 24787691
List the prime factors of 187658424.
2, 3, 67, 12967
List the prime factors of 4597406315.
5, 919481263
List the prime factors of 359834241.
3, 13, 23, 467, 859
List the prime factors of 1045167241.
59, 3251, 5449
List the prime factors of 802936573.
802936573
List the prime factors of 8425647163.
739, 11401417
What are the prime factors of 46458017?
43, 1080419
List the prime factors of 531506129.
7, 11, 31, 107, 2081
What are the prime factors of 60818246?
2, 4007, 7589
List the prime factors of 101257009.
7, 29, 498803
List the prime factors of 34585622.
2, 17292811
List the prime factors of 67720084.
2, 71, 238451
List the prime factors of 39547414.
2, 107, 181, 1021
What are the prime factors of 54705562?
2, 41, 667141
What are the prime factors of 43845650?
2, 5, 876913
List the prime factors of 449729553.
3, 7, 13, 1647361
List the prime factors of 3792787117.
7, 18313, 29587
List the prime factors of 2261032033.
13, 1933, 89977
List the prime factors of 86426431.
7, 13, 43, 1699
What are the prime factors of 2469626202?
2, 3, 613, 757, 887
What are the prime factors of 1677789540?
2, 3, 5, 7, 1331579
What are the prime factors of 715892809?
107, 6690587
List the prime factors of 145518005.
5, 29103601
What are the prime factors of 855323304?
2, 3, 11, 19, 41, 4159
List the prime factors of 454567187.
7127, 63781
List the prime factors of 604059684.
2, 3, 50338307
List the prime factors of 44750955.
3, 5, 2983397
List the prime factors of 520709093.
2179, 238967
What are the prime factors of 93624744?
2, 3, 3901031
List the prime factors of 80785878.
2, 3, 13464313
What are the prime factors of 932280870?
2, 3, 5, 31076029
What are the prime factors of 226064956?
2, 13, 4347403
List the prime factors of 5159310053.
1021, 5053193
List the prime factors of 454860202.
2, 4363, 52127
What are th